{"id":2333,"date":"2018-04-05T10:37:23","date_gmt":"2018-04-05T08:37:23","guid":{"rendered":"http:\/\/d-kreativ.de\/cnc-vorba\/?page_id=2333"},"modified":"2022-12-12T10:53:41","modified_gmt":"2022-12-12T09:53:41","slug":"qualitaet","status":"publish","type":"page","link":"https:\/\/www.cnc-vorba.de\/?page_id=2333","title":{"rendered":"Qualit\u00e4t"},"content":{"rendered":"<p><section data-kc-video-bg=\"https:\/\/www.youtube.com\/watch?v=kKVLXkHfhSQ&amp;feature=youtu.be\" data-kc-video-mute=\"yes\" data-kc-fullwidth=\"row\" class=\"kc-elm kc-css-274280 kc_row .masterhead kc-video-bg\" style=\"position: relative;\"><div class=\"kc-row-container  kc-container\"><div class=\"kc-wrap-columns\"><div class=\"kc-elm kc-css-577011 kc_col-sm-6 kc_column kc_col-sm-6\"><div class=\"kc-col-container\">\n<div class=\"kc-elm kc-css-230360 kc-animate-delay-200 kc-testimo kc-testi-layout-2\">\n\n\t<div class=\"content-title\">Qualit\u00e4t auf ganzer Linie<\/div>\n<\/div>\n<div class=\"kc-elm kc-css-261252 kc_shortcode kc_progress_bars \" data-style=\"3\"><div class=\"progress-item\"><span class=\"label\">Pr\u00e4zision<\/span><div class=\"kc-ui-progress-bar kc-ui-progress-bar3 kc-progress-bar kc-ui-container\"><div class=\"kc-ui-progress kc-ui-progress3\" style=\"background-color: #0f3b61;width: 100%\" data-value=\"100\" data-speed=\"2000\"><div class=\"ui-label\">\n\t\t\t\t\t<span class=\"value\" style=\"color: #ffffff\">100%<\/span>\n\t\t\t\t<\/div><\/div><\/div><\/div><div class=\"progress-item\"><span class=\"label\">Kontrolle<\/span><div class=\"kc-ui-progress-bar kc-ui-progress-bar3 kc-progress-bar kc-ui-container\"><div class=\"kc-ui-progress kc-ui-progress3\" style=\"background-color: #ffffff;width: 100%\" data-value=\"100\" data-speed=\"2000\"><div class=\"ui-label\">\n\t\t\t\t\t<span class=\"value\" style=\"color: #3d3d3d\">100%<\/span>\n\t\t\t\t<\/div><\/div><\/div><\/div><\/div><\/div><\/div><div class=\"kc-elm kc-css-302216 kc_col-sm-6 kc_column kc_col-sm-6\"><div class=\"kc-col-container\"><\/div><\/div><\/div><\/div><\/section><section class=\"kc-elm kc-css-624750 kc_row\"><div class=\"kc-row-container  kc-container\"><div class=\"kc-wrap-columns\"><div class=\"kc-elm kc-css-538365 kc_col-sm-12 kc_column kc_col-sm-12\"><div class=\"kc-col-container\"><div class=\"kc-elm kc-css-155644\" style=\"height: 68px; clear: both; width:100%;\"><\/div><\/div><\/div><\/div><\/div><\/section><section data-kc-fullwidth=\"content\" class=\"kc-elm kc-css-879801 kc_row\"><div class=\"kc-row-container\"><div class=\"kc-wrap-columns\"><div class=\"kc-elm kc-css-546921 kc_col-sm-6 kc_column kc_col-sm-6\"><div class=\"kc-col-container\">\n<div class=\"kc-elm kc-css-486850 kc-title-wrap \">\n\n\t<p class=\"kc_title\">Qualit\u00e4tsversprechen<\/p>\n<\/div>\n<div class=\"kc-elm kc-css-599503 kc_text_block\"><\/p>\n<p>Um unsere versprochene und gewohnte Qualit\u00e4t liefern zu k\u00f6nnen legen wir gr\u00f6\u00dften Wert auf Sorgfalt und Pr\u00e4zision.<br \/>In unserer Endkontrolle werden unsere Produkte mit einem Zeiss Koordinatenmesssystem mit einer Aktionsfl\u00e4che von 3600mm*1500mm vermessen und anschlie\u00dfend durch eine letzte Kontrolle unserer Facharbeiter zur Auslieferung freigegeben.<\/p>\n<p>\n<\/div><\/div><\/div><div class=\"kc-elm kc-css-38326 kc_col-sm-6 kc_column kc_col-sm-6\"><div class=\"kc-col-container\">\n<div class=\"kc-elm kc-css-98699 kc-title-wrap \">\n\n\t<p class=\"kc_title\">Qualit\u00e4tsmanagement<\/p>\n<\/div>\n<div class=\"kc-elm kc-css-489709 kc_text_block\"><\/p>\n<p>Garantierte Qualit\u00e4t durch zertifiziertes Qualit\u00e4tsmanagement<br \/><img loading=\"lazy\" class=\"alignnone size-thumbnail\" src=\"http:\/\/www.cnc-vorba.de\/wp-content\/uploads\/2018\/05\/Siegel-9001-e1527542398227.png\" alt=\"\" width=\"250\" height=\"251\" \/><\/p>\n<p>\n<\/div><\/div><\/div><\/div><\/div><\/section><\/p>\n","protected":false},"excerpt":{"rendered":"","protected":false},"author":1,"featured_media":0,"parent":0,"menu_order":0,"comment_status":"closed","ping_status":"closed","template":"template-parts\/template-homepage.php","meta":[],"_links":{"self":[{"href":"https:\/\/www.cnc-vorba.de\/index.php?rest_route=\/wp\/v2\/pages\/2333"}],"collection":[{"href":"https:\/\/www.cnc-vorba.de\/index.php?rest_route=\/wp\/v2\/pages"}],"about":[{"href":"https:\/\/www.cnc-vorba.de\/index.php?rest_route=\/wp\/v2\/types\/page"}],"author":[{"embeddable":true,"href":"https:\/\/www.cnc-vorba.de\/index.php?rest_route=\/wp\/v2\/users\/1"}],"replies":[{"embeddable":true,"href":"https:\/\/www.cnc-vorba.de\/index.php?rest_route=%2Fwp%2Fv2%2Fcomments&post=2333"}],"version-history":[{"count":24,"href":"https:\/\/www.cnc-vorba.de\/index.php?rest_route=\/wp\/v2\/pages\/2333\/revisions"}],"predecessor-version":[{"id":2610,"href":"https:\/\/www.cnc-vorba.de\/index.php?rest_route=\/wp\/v2\/pages\/2333\/revisions\/2610"}],"wp:attachment":[{"href":"https:\/\/www.cnc-vorba.de\/index.php?rest_route=%2Fwp%2Fv2%2Fmedia&parent=2333"}],"curies":[{"name":"wp","href":"https:\/\/api.w.org\/{rel}","templated":true}]}}